17 - -1) + -2))).
-26
Evaluate 18 - (-22 + -18 - -65).
-7
What is the value of (-7 - (33 + -31)) + -26 + 6?
-29
Calculate (23 - -32) + -65 + (-5 - (4 + -1)).
-18
Calculate -48 + (-2 - -12 - (11 + (-46 - -39))).
-42
What is -20 + (-6 - (8 + -18 - -15) - 45)?
-76
Calculate -17 + 10 - -42 - (17 + (-1 - 2) - 7).
28
What is the value of -536 + 529 + 7 + -1 - -132 - 23?
108
Evaluate (51 + -58 - (4 - (19 - (5 - 2)))) + 81.
86
97 + (-115 - -88) + -75
-5
What is the value of -58 + (22 - (-8 + -53))?
25
What is the value of -2 - 152 - (6732 + -6879)?
-7
-79 + 1 - 1 - (100 - (264 - 147))
-62
Evaluate -129 - -8 - (-61 - 1).
-59
Evaluate 2 - 12 - -8 - (128 + -170).
40
What is the value of -3 + 4 + (-20 - -27) + (-38 - (2 - -1))?
-33
What is 163 - 140 - (2 - 5)?
26
What is -9 - 46 - -33 - (0 + 31)?
-53
Evaluate (-5 + 13 - -1) + (8 - -12) + 29 + 10.
68
Calculate 75 + (24 - 1 - (-2808 - -2819)).
87
Calculate (-1 - 0 - 75) + (66 - 148 - -97).
-61
What is (-2026 - -1940) + (-4 - (-2 + (-5 - -2) + 4))?
-89
Evaluate -38 + -4 - (-1 + -7 + (-30 - -1 - -31)).
-36
Calculate -2 + -23 + 7 + (2 - 1) + (1741 - 1738).
-14
What is the value of 20 - ((-6 - (-35 + 14)) + 45)?
-40
What is the value of 0 + (12 - -1 - -3) + 16?
32
-3 + (1 - 22) + (91 - 94) + -6
-33
(-6 - -1) + 0 + 5 + (-7 + 7 - 3)
-3
1 - (-5 - -69 - 22) - 33
-74
What is the value of -10 - (-10 - -2 - -9 - 12) - (1 + 6)?
-6
Evaluate 4 + -20 + 68 + -24.
28
Evaluate -39 - (37 - 14) - ((16 + -4 - 0) + 0).
-74
What is the value of 5 - (37 + 10 + -25)?
-17
(11 - -72 - (-12 - 2)) + (17 - 12)
102
(37 - 54) + 12 - -6
1
What is -15 - ((6 - (-10 - -20)) + -2)?
-9
-63 + (166 + -105 - -15)
13
-2 - (-3992 + 3956 - (1 + 1 - 17))
19
-35 + 32 - (-4 - -13) - (1 + -6) - -110
103
7 - 44 - (11 - 83)
35
What is the value of 63 + -11 + 12 + 14 - (11 - 0 - -2)?
65
Evaluate (-1 - (1 + 3) - -4) + (11 - -29 - 27).
12
What is the value of -7 + -9 + (15 - (-9 - -19)) + 11 - -31?
31
Evaluate 55 + -3 - (-2 + 1 + 0 + (-182 - -179)).
56
What is the value of (-9 - (9 + -6) - (-16 + 12)) + 2?
-6
What is -1 + 1 + 9 + -57 + 571 + -563?
-40
What is -20 - ((12 - 64) + 42)?
-10
What is -137 - (-143 + 16) - ((2 - 2) + -48)?
38
Evaluate -22 - (57 - (155 - 49)).
27
What is the value of -6 - (-12 - -33) - (9 - 2)?
-34
-206 + 263 + (-5 - -7) + 0 + 4 - 7
56
What is 0 + 0 + (13 - 13) - (-195 + 134)?
61
What is the value of 56 + (-2914 - -2935) + (-29 - 1)?
47
What is (147 - 232) + -41 + 128?
2
What is (28 - (71 - 21)) + 51 + -37?
-8
Evaluate -20 + 16 + (-4 - (4 + 3 + -27)) + 30.
42
What is 0 + 5 + 4 - (19 + 35 + -89)?
44
What is the value of -15 + 10 + 1 + (-30 - -32) + -50?
-52
What is the value of 529 + -540 + (2 - (-3 + 1 - -7))?
-14
Evaluate -11 + 3 - ((0 - -16) + (-13 - (-9 + -12))).
-32
Calculate 28 - 52 - 57 - -84.
3
What is (-91 + 1 - (1440 + -1454)) + -4 + -1 + 0?
-81
Calculate -19 - (82 - (-36 - -92)).
-45
What is the value of 1 - -63 - (35 + (-53 - -46))?
36
What is 7 + 4 - ((4 - (48 + -15)) + 4 + -4)?
40
Calculate (63 - (52 - 54)) + -40.
25
29 + (-68 - -51) + 0
12
What is (185 - 138) + -34 + 9?
22
Calculate 6 + 1 + 10 + (-9 - 13) + 1 + 62.
58
What is the value of (3 + 8 - 4) + 2 + 92 + -140?
-39
What is the value of 26 - (-82 + 127) - (-9 - (-1 + 0))?
-11
What is (5 - (84 - (-29 - -15)) - -14) + -8 + 3?
-84
Calculate 2 + -22 + -28 + 36.
-12
Calculate 11 + (-172 - -176 - (-1 + 54 + 1)).
-39
Calculate 22 - (-29 + (-19 - (23 + -50))).
43
What is the value of 48 - (-48 - -82 - -5)?
9
Calculate -95 + 16 - -31 - -75.
27
Evaluate 0 + 30 - (27 + (31 - 69) + 27).
14
95 - 100 - (7 - 24)
12
Evaluate -1 + 12 + -22 + 44 + -55.
-22
Calculate (20 - (2 + -1)) + -111 + 69.
-23
Evaluate 105 + -41 + -69 + -26.
-31
Evaluate 75 + (0 - 4 - -2 - -18 - 14).
77
Calculate (33 - 85) + 18 - -22.
-12
What is the value of 14 - 0 - (-83 + 25) - 6 - 2?
64
Calculate -51 - (-19 - (-16 + 8 + 2)).
-38
What is -3 + -18 + (4 - -3) - -20?
6
What is the value of 45 + -22 + -25 + (3 - -1) + 53 - 10?
45
What is 20 + -105 + (7 - -17) - (7 - (-1 + 0))?
-69
-28 + -8 + -3 + 75
36
Calculate -2 + (0 - 1) + (194 + -101 - 100).
-10
What is 19 + -87 + 51 + (-1 - 44)?
-62
What is -15 + (6 + -12 - ((-91 - -66) + (1 - 14)))?
17
Evaluate (-67 - -36) + 109 - 118.
-40
What is -13 + -1 + 8 + -2 + 121 + -2 + 3?
114
What is (-87 - 2) + -796 + 865?
-20
Evaluate -3 + (6 + -6 + 1 - (38 - 34)).
-6
Evaluate 61 + -8 + -11 + 26 + -3.
65
What is -6 + (-4 - -35) - (-76 + 129)?
-28
What is the value of -8 + 16 + -58 - 10 - -9?
-51
Evaluate (-34 + 7 - (-1 + -1)) + -609 + 606.
-28
-6 + 8 + -8 - 59 - (-50 - -50)
-65
Calculate -49 + (91 - 76) + 46.
12
-34 + 7 - (5 - 5 - 10 - -19)
-36
What is the value of 14 - (-443 - -443 - (-74 - -2))?
-58
-3806 + 3712 + (3 - -2)
-89
What is (1 + -117 - -67) + (0 - (-1 + 1))?
-49
What is 8 - (0 + 74 + -454 + 447 - 20)?
-39
Calculate (-284 - -126) + 112 - (8 + 1).
-55
What is the value of (11 - (-41 - -8 - 10)) + 1 + -6?
49
Calculate (-7 - (-20 - 8)) + 71 + -6 - -20.
106
Calculate 34 + -11 + (9 - 11) - -15 - -11.
47
Evaluate (41 - (29 + 0) - (15 - -2)) + 66.
61
What is the value of (-131 - (33 + -157)) + 0 + 5?
-2
What is -6 - (86 + -93) - -96?
97
What is the value of 1 + -3 + (-82 - -89)?
5
What is the value of 23 + (25 - ((-6 - -22) + (17 - 20)))?
35
What is the value of (-23 - -4 - -16) + (7 - 21)?
-17
(-18 - -39) + (-1 + -81 - (98 - 115))
-44
What is -1 + -1 - (-3 + -8 + -16 + -7)?
32
What is the value of (-15 - -1) + (-41 - (-55 + -6)) - (-20 - -1)?
25
Calculate -36 + -3 + (-11 + -10 - -4 - -25).
-31
What is 5 + -3 - (-11 - (6 - 16 - -5 - 28))?
-20
Evaluate -29 + (3 - 8) + 4 - (-65 + -64 + 125).
-26
Evaluate -27 + (178 - 42) + -60.
49
-12 + 38 + (7 - (30 - 17)) - -42
62
-38 - (-19 + 76 - 52)
-43
Evaluate (-12 - 0) + (-238 - -259 - (79 + 6)).
-76
Evaluate -2 - ((4 + -1 - (1 + -6)) + (-632 - -619)).
3
Evaluate 0 + 2 + (23 - -16) + 15 + -27.
29
What is 133 - (62 + -38 + (-5 - 9))?
123
Calculate 4 - -1 - ((1481 - 1517) + (45 - -2)).
-6
Calculate -3 + 10 + (-21 - 1) + (18 - 54).
-51
Calculate -12 + -21 + 27 + -3 + -87.
-96
Evaluate 2 + -3 - ((129 - 60) + -101).
31
What is the value of (9 + 27 - -2) + (39 - 34) + 3?
46
What is 98 + -247 + 251 + (2 - 21) + 1 - -10?
94
What is the value of 64 + (-29 - 103 - -43)?
-25
Evaluate -16 + (-5 - -20) + 2 - -7 - (-5 + -80).
93
Calculate (44 - (-8 + 65)) + (-2 - -58).
43
-29 + -2 + -14 + 5
-40
Evaluate 12 + 4 + (99 - -1 - 56).
60
What is the value of 1842 + -1823 + (20 - (3 - 3))?
39
What is the value of 36 + (1 - 15 - (110 + -48 - 82))?
42
What is -6 + (7 + -36 - -23) + -5?
-17
What is -48 - (-3 + 0) - (-18 + -4 + 34)?
-57
Evaluate 24 + -59 + 3 + 50.
18
Calculate -9 - -1 - (-98 - (-125 + 12)).
-23
12 - (-7 + 51) - (8 + 1)
-41
Calculate 1 - (-27 + -1 - 0 - (181 - (7 + 174))).
29
What is the value of (2 - 14) + 1 + 15 + 26 + 1?
31
-19 - (-1 - 13 - (-680 + 664))
-21
36 + 70 + (6 - 1)
111
Evaluate -7 + -2 + 11 + -39 + (9 - 14).
-42
Calculate 3 - (-13 - 4) - (-18 + (-25 - -46)).
17
Evaluate 64 - (-34 - -70) - (2 - -19).
7
What is 1 - (-3 + 3 + (-14 - -13)) - (-43 + 7)?
38
What is 4 - (10 - (-8 - ((-10 - 5) + -2)))?
3
What is 18 + -30 + (15 - (66 + 4)) - 8?
-75
What is -96 + (-45 - (92 - 155))?
-78
-10 + -6 + -19 + 24 - 22
-33
-60 - (-74 - (-41 - -16))
-11
What is (16 - -27) + -42 + 18 + -4 + 2?
17
Calculate (-47 - -41 - (1 + -5 - -60 - 0)) + -5.
-67
What is the value of 15 - (12 - (0 - -2) - (1433 - 1427))?
11
-55 - (-9 + -23 + (-18 - (15 - 48)))
-38
Calculate -175 - -180 - (-1 - -12) - ((5 - -4) + 76).
-91
Calculate 3 - (-18 + 27 + 16).
-22
What is the value of (33 + -4 - 2) + -394 + 410?
43
What is -5 - ((-6 + -26 - -42) + (-9 - -3) + -19)?
10
-13 - ((58 - 78 - 15) + -1 + -9)
32
What is (-35 - -26 - (0 - 0) - -19) + -12?
-2
What is the value of -48 + (5 - -1 - (-222 - -230))?
-50
What is the value of (1455 - 1462) + -2 + -19 + 15?
-13
Evaluate 0 - -11 - 20 - (10 + 7 - -15).
-41
Evaluate 49 + -59 - 60 - -105.
35
-40 - (28 + -3 + -29 + -19)
-17
Calculate -8 - (7 - (-9 + -5 + 1 + (48 - 45))).
-25
What is (-152 - -15 - -156) + -1 + -48?
-30
What is the value of (42 - (-39 + 34)) + -38?
9
Evaluate 9 + (-1 - 20 - -5) + 15.
8
What is the value of -8 + (46 + -60 - (-3 - -1))?
-20
Calculate 26 + (35 - 75) + (-5 - 7).
-26
What is the value of -5 + 4 + 5 